537 composite?
True
Is 1069 prime?
True
Is 24251 a prime number?
True
Is 158293 prime?
True
Is 816539 prime?
True
Is 49187 a composite number?
True
Is 436949 composite?
True
Is 20543 a prime number?
True
Is 1562527 a composite number?
False
Is 55373 composite?
False
Is 106391 a prime number?
True
Is 1676557 prime?
False
Is 357007 a composite number?
True
Is 2129 prime?
True
Is 1477 prime?
False
Is 397 composite?
False
Is 714851 a composite number?
False
Is 893049 a prime number?
False
Is 17357 a composite number?
True
Is 4861 a composite number?
False
Is 1693 composite?
False
Is 6002 a prime number?
False
Is 50251 prime?
False
Is 11299 a prime number?
True
Is 950909 prime?
False
Is 42683 composite?
False
Is 273133 a composite number?
True
Is 3233 prime?
False
Is 377 prime?
False
Is 13193 prime?
False
Is 52131 composite?
True
Is 25154 a prime number?
False
Is 369709 prime?
True
Is 28591 prime?
True
Is 210709 prime?
True
Is 5793 prime?
False
Is 177283 a composite number?
False
Is 86627 prime?
True
Is 378298 a composite number?
True
Is 80439 a composite number?
True
Is 842311 prime?
True
Is 976139 prime?
False
Is 837833 a composite number?
False
Is 79457 a composite number?
True
Is 9011 a prime number?
True
Is 2897 prime?
True
Is 83833 a composite number?
False
Is 1075727 a composite number?
False
Is 247067 composite?
False
Is 11185 a prime number?
False
Is 57487 a composite number?
False
Is 71453 composite?
False
Is 961673 composite?
True
Is 27049 prime?
False
Is 7103 a prime number?
True
Is 20639 composite?
False
Is 1221631 prime?
True
Is 194379 a composite number?
True
Is 822859 prime?
False
Is 2878 prime?
False
Is 11957 a composite number?
True
Is 162055 prime?
False
Is 5377 a composite number?
True
Is 192529 a prime number?
True
Is 65779 composite?
True
Is 3017 a prime number?
False
Is 3953 composite?
True
Is 443077 a composite number?
False
Is 1098935 a composite number?
True
Is 854087 a composite number?
True
Is 472261 composite?
False
Is 225217 prime?
True
Is 4547 composite?
False
Is 44601 a prime number?
False
Is 1925243 a prime number?
True
Is 35521 a composite number?
False
Is 8123 composite?
False
Is 1637 a prime number?
True
Is 158963 a composite number?
True
Is 1691 composite?
True
Is 1889 prime?
True
Is 457 prime?
True
Is 684397 composite?
True
Is 1739 prime?
False
Is 2465607 a composite number?
True
Is 1233431 composite?
False
Is 6799 a composite number?
True
Is 158843 a prime number?
True
Is 309563 a prime number?
False
Is 348661 composite?
False
Is 38945 prime?
False
Is 88531 a composite number?
True
Is 2498 a composite number?
True
Is 4111 a prime number?
True
Is 20437 composite?
True
Is 3845 prime?
False
Is 2747 composite?
True
Is 2159 composite?
True
Is 16621 a composite number?
True
Is 159091 a composite number?
True
Is 37217 prime?
True
Is 15541 a composite number?
False
Is 1303541 a prime number?
True
Is 25391 a prime number?
True
Is 9067 a composite number?
False
Is 526063 composite?
False
Is 639631 composite?
False
Is 23077 a prime number?
False
Is 405457 prime?
False
Is 1871195 prime?
False
Is 37057 prime?
True
Is 429493 a composite number?
True
Is 1668037 prime?
False
Is 33313 composite?
True
Is 3409 composite?
True
Is 292517 prime?
True
Is 9239 a composite number?
False
Is 40781 composite?
True
Is 1523 prime?
True
Is 1579101 composite?
True
Is 58119 a composite number?
True
Is 14585 a composite number?
True
Is 1786919 a composite number?
True
Is 1678 prime?
False
Is 728239 a composite number?
True
Is 112069 composite?
False
Is 198013 a prime number?
True
Is 1782691 a prime number?
False
Is 2935 a composite number?
True
Is 30497 prime?
True
Is 2909938 composite?
True
Is 1098247 composite?
True
Is 1361 a composite number?
False
Is 135537 prime?
False
Is 39719 composite?
False
Is 664843 a prime number?
True
Is 72397 prime?
False
Is 102218 composite?
True
Is 4871 a prime number?
True
Is 13341 a prime number?
False
Is 34315 a composite number?
True
Is 32887 composite?
False
Is 20873 a composite number?
False
Is 1499 prime?
True
Is 133297 a composite number?
True
Is 130495 a composite number?
True
Is 506819 a composite number?
True
Is 1299491 a prime number?
True
Is 183145 a prime number?
False
Is 4007 prime?
True
Is 3291 a composite number?
True
Is 212813 prime?
False
Is 5509 a composite number?
True
Is 202397 a composite number?
True
Is 21551 a prime number?
False
Is 114593 a composite number?
False
Is 65861 a prime number?
False
Is 3536567 composite?
False
Is 1307591 prime?
True
Is 625979 prime?
True
Is 12799 a prime number?
True
Is 247 a prime number?
False
Is 7741 composite?
False
Is 132491 composite?
False
Is 349241 composite?
False
Is 897433 prime?
True
Is 216679 prime?
True
Is 538319 composite?
True
Is 1589917 composite?
True
Is 130589 composite?
False
Is 1370471 a composite number?
False
Is 294269 composite?
False
Is 3082801 composite?
False
Is 2017 a composite number?
False
Is 28151 a composite number?
False
Is 20737 a composite number?
True
Is 2245 composite?
True
Is 6805 a prime number?
False
Is 10313 a composite number?
False
Is 4586 composite?
True
Is 24469 a composite number?
False
Is 25963 a composite number?
True
Is 164479 a composite number?
True
Is 5947 composite?
True
Is 62513 prime?
False
Is 6585491 a composite number?
True
Is 194261 prime?
False
Is 146701 a prime number?
True
Is 5981 prime?
True
Is 590099 composite?
False
Is 259867 a composite number?
False
Is 1782813 a composite number?
True
Is 933433 prime?
True
Is 4764121 prime?
True
Is 544757 a composite number?
False
Is 249583 composite?
False
Is 2424739 composite?
False
Is 67549 a composite number?
True
Is 32677 a prime number?
False
Is 1747497 a prime number?
False
Is 78871 composite?
True
Is 19831 composite?
True
Is 77057 a prime number?
False
Is 783745 prime?
False
Is 7993 composite?
False
Is 21881 a prime number?
True
Is 207055 prime?
False
Is 8213 a prime number?
False
Is 40091 composite?
True
Is 24031 a prime number?
False
Is 20173 prime?
True
Is 1906829 prime?
True
Is 2860457 composite?
False
Is 442331 composite?
True
Is 1125107 composite?
True
Is 36523 prime?
True
Is 251891 a prime number?
False
Is 46589 a prime number?
True
Is 239287 a prime number?
True
Is 475669 composite?
False
Is 116309 prime?
False
Is 63967 a composite number?
True
Is 67879 a composite number?
True
Is 29689 a composite number?
True
Is 16333 composite?
False
Is 75937 a prime number?
True
Is 28693 prime?
False
Is 12847 composite?
True
Is 4599709 prime?
True
Is 31011 prime?
False
Is 163813 a composite number?
True
Is 175883 a prime number?
False
Is 309559 a composite number?
False
Is 98291 prime?
False
Is 9983 composite?
True
Is 4729 prime?
True
Is 474899 composite?
False
Is 137567 a composite number?
False
Is 19661 a prime number?
True
Is 25111 prime?
True
Is 5977 a composite number?
True
Is 45863 composite?
False
Is 1404835 a composite number?
True
Is 210731 a prime number?
True
Is 808331 a composite number?
True
Is 20477 prime?
True
Is 7001 a composite number?
False
Is 18091 a composite number?
True
Is 930071 a composite number?
False
Is 2837677 prime?
True
Is 10991 a prime number?
False
Is 135151 a prime number?
True
Is 19913 prime?
True
Is 876181 composite?
False
Is 72737 composite?
True
Is 6029 a composite number?
False
Is 68461 a prime number?
False
Is 12667 prime?
False
Is 217853 a prime number?
False
Is 249137 a composite number?
True
Is 14783 a composite number?
False
Is 620639 composite?
False
Is 1410833 composite?
False
Is 541 a prime number?
True
Is 262433 a prime number?
True
Is 376967 a prime number?
False
Is 3448821 composite?
True
Is 1291 composite?
False
Is 48553 a prime number?
False
Is 150383 a prime number?
True
Is 734 prime?
False
Is 574613 a composite number?
True
Is 62938 composite?
True
Is 1303174 a prime number?
False
Is 14109 prime?
False
Is 11897 prime?
True
Is 354067 a prime number?
False
Is 78745 composite?
True
Is 3847197 prime?
False
Is 152463 composite?
True
Is 13765 composite?
True
Is 18617 a prime number?
True
Is 1861 prime?
True
Is 1231887 prime?
False
Is 995903 composite?
False
Is 280729 a composite number?
False
Is 66911 composite?
True
Is 61307 prime?
False
Is 1657 a prime number?
True
Is 221251 prime?
True
Is 16847 a prime n